 3378073 and 49228.
397
Calculate the greatest common factor of 287976 and 49661664.
4056
Calculate the greatest common factor of 21160 and 557980.
460
Calculate the greatest common factor of 884 and 49268180.
52
What is the highest common divisor of 2788 and 134059586?
1394
Calculate the highest common divisor of 238 and 38699174.
34
Calculate the highest common factor of 7540 and 4997730660.
7540
Calculate the greatest common divisor of 69525086 and 2.
2
Calculate the greatest common divisor of 21 and 26772879.
21
Calculate the highest common divisor of 930000 and 15159.
93
Calculate the greatest common factor of 234685 and 9861037.
4267
What is the greatest common divisor of 1497 and 303878525?
499
Calculate the highest common factor of 1150 and 74422250.
1150
Calculate the greatest common factor of 14321424 and 38896.
208
What is the highest common divisor of 7426 and 236034?
94
Calculate the greatest common divisor of 6090 and 201090.
30
Calculate the highest common factor of 304568 and 594.
22
Calculate the highest common divisor of 65642 and 21998632.
2854
What is the greatest common factor of 4 and 611782412?
4
What is the highest common divisor of 33143320 and 200?
40
Calculate the greatest common factor of 693 and 5563173.
231
What is the greatest common divisor of 84794083 and 341?
341
Calculate the highest common factor of 20 and 2574890.
10
What is the highest common divisor of 8796 and 19572?
12
What is the highest common divisor of 74 and 7562578?
74
What is the greatest common factor of 1346774 and 1159522?
7202
What is the greatest common divisor of 2444 and 6422?
26
Calculate the greatest common factor of 32485 and 454060.
365
What is the highest common factor of 2791174 and 9552?
398
Calculate the greatest common factor of 77 and 23506813.
11
Calculate the highest common factor of 8952754 and 11534.
158
Calculate the highest common divisor of 7773363 and 4329.
117
What is the highest common factor of 174160 and 139856?
16
Calculate the highest common factor of 94096450 and 805.
805
Calculate the greatest common divisor of 804 and 240180.
12
Calculate the greatest common divisor of 66026327 and 1013.
1013
What is the greatest common factor of 564150 and 628200?
150
What is the highest common divisor of 1842228 and 23652?
2628
Calculate the highest common factor of 11128 and 3464.
8
What is the greatest common factor of 19875 and 2769462?
159
What is the highest common factor of 7860 and 7435?
5
Calculate the highest common divisor of 219 and 433383.
3
What is the greatest common factor of 128478 and 33856?
46
Calculate the highest common divisor of 62252225 and 1750.
175
Calculate the highest common divisor of 6230 and 188659975.
3115
Calculate the greatest common divisor of 92925978 and 816.
102
Calculate the greatest common divisor of 56 and 5474999936.
56
What is the greatest common factor of 114823148 and 5540?
1108
What is the highest common factor of 10383184 and 560?
112
Calculate the highest common divisor of 12848650 and 2060.
10
Calculate the highest common factor of 697 and 88242988.
697
Calculate the highest common divisor of 90080520 and 60.
60
Calculate the greatest common factor of 741 and 7750041.
39
What is the greatest common divisor of 1076 and 26094614?
538
What is the highest common divisor of 305182 and 63618?
922
What is the highest common factor of 9353614 and 1?
1
What is the highest common factor of 1515545 and 7930?
305
Calculate the highest common divisor of 11703720 and 2100.
420
What is the highest common factor of 18504 and 79707522?
1542
Calculate the highest common divisor of 6405727 and 1.
1
Calculate the highest common divisor of 52 and 1517568.
52
Calculate the greatest common divisor of 70092 and 601476.
12
Calculate the highest common factor of 7643981 and 1633.
23
Calculate the greatest common factor of 13683128 and 928.
232
Calculate the greatest common divisor of 181361739 and 897.
897
Calculate the highest common factor of 1133 and 8878703.
103
What is the greatest common divisor of 11815300 and 14525?
175
Calculate the highest common divisor of 39698373 and 19536.
1221
What is the highest common divisor of 40425 and 197967?
231
What is the highest common factor of 506 and 6303242?
506
Calculate the greatest common divisor of 2682 and 310476366.
2682
What is the highest common factor of 311885 and 9842?
133
Calculate the highest common factor of 120 and 170905320.
120
Calculate the greatest common factor of 6284115 and 105.
15
Calculate the highest common divisor of 2906 and 128284.
2
Calculate the highest common divisor of 7150428 and 12294.
18
What is the greatest common divisor of 86417 and 548578?
103
What is the highest common factor of 1402 and 455721502?
1402
Calculate the highest common factor of 50881 and 1934175.
697
What is the greatest common factor of 1076562 and 3708?
18
What is the greatest common factor of 2792 and 53261588?
1396
What is the highest common factor of 2938960 and 3536?
272
What is the highest common divisor of 4449209 and 232?
29
What is the highest common factor of 17216 and 241344?
64
Calculate the greatest common factor of 34 and 3610221218.
34
What is the highest common divisor of 33074 and 8258434?
1438
Calculate the highest common divisor of 496 and 912609.
31
Calculate the greatest common factor of 30 and 29857510.
10
Calculate the greatest common divisor of 474819 and 2968347.
2913
What is the highest common divisor of 185990 and 14182?
14
Calculate the highest common factor of 1810356 and 2784573.
7671
What is the greatest common divisor of 2803514 and 108962?
602
Calculate the highest common factor of 150 and 566366550.
150
Calculate the greatest common divisor of 3602283 and 4731.
249
Calculate the greatest common divisor of 2718 and 10610166.
906
Calculate the greatest common factor of 270452 and 2457.
91
Calculate the highest common divisor of 100168 and 2775708.
2636
Calculate the highest common divisor of 16856 and 63224.
56
Calculate the greatest common factor of 4930 and 2004830.
10
Calculate the greatest common factor of 265198 and 32204.
194
Calculate the greatest common divisor of 84676609 and 1258.
629
Calculate the highest common divisor of 157777130 and 1750.
70
Calculate the highest common factor of 17620 and 10670.
10
Calculate the highest common divisor of 75398876 and 140.
28
Calculate the greatest common divisor of 83688 and 1243308.
132
What is the highest common divisor of 136344687 and 2694?
1347
Calculate the highest common divisor of 801105974 and 14290.
2858
Calculate the greatest common factor of 28666 and 238326.
22
Calculate the highest common factor of 7686210 and 21420.
3570
Calculate the highest common factor of 555474 and 2838.
258
What is the greatest common divisor of 1981270 and 40?
10
Calculate the highest common factor of 306039 and 627.
3
What is the highest common divisor of 215092975 and 4450?
2225
What is the greatest common factor of 35248799 and 2?
1
What is the highest common factor of 4122 and 1784394?
18
Calculate the highest common factor of 8205 and 27420.
15
Calculate the greatest common divisor of 66402 and 1902096.
2142
What is the highest common factor of 508 and 178888898?
254
What is the highest common divisor of 256598 and 6987?
17
Calculate the highest common divisor of 1412565 and 630.
105
What is the highest common divisor of 419422 and 2150?
86
What is the highest common factor of 180820214 and 1018?
1018
Calculate the highest common factor of 2822 and 13698.
2
Calculate the highest common divisor of 1395 and 1423055.
155
Calculate the greatest common factor of 73167 and 442221.
87
What is the highest common factor of 20640 and 63528?
24
Calculate the greatest common divisor of 112617820 and 10932.
3644
Calculate the greatest common factor of 3253 and 2086399381.
3253
Calculate the highest common divisor of 12593325 and 525.
75
What is the highest common factor of 726421 and 15910?
37
What is the highest common divisor of 1522280850 and 30?
30
What is the greatest common divisor of 13606695 and 7437?
201
Calculate the greatest common factor of 35784 and 15693272.
3976
Calculate the greatest common divisor of 501239926 and 88.
22
Calculate the highest common factor of 468704664 and 1